 prime factors of 92714215.
5, 11, 1685713
What are the prime factors of 139863200?
2, 5, 174829
What are the prime factors of 333788100?
2, 3, 5, 37, 30071
What are the prime factors of 517939320?
2, 3, 5, 31, 37, 53, 71
List the prime factors of 3230278862.
2, 1615139431
List the prime factors of 6584548.
2, 163, 10099
What are the prime factors of 4052363?
7, 43, 13463
What are the prime factors of 9344271?
3, 17, 53, 3457
List the prime factors of 107960722.
2, 73, 347, 2131
What are the prime factors of 589701604?
2, 5351, 27551
List the prime factors of 135305000.
2, 5, 27061
What are the prime factors of 2480624872?
2, 11, 2562629
List the prime factors of 35967602.
2, 11, 53, 109, 283
What are the prime factors of 550378664?
2, 11, 479, 1187
List the prime factors of 157323306.
2, 3, 7, 19, 197147
What are the prime factors of 225002809?
37, 1753, 3469
What are the prime factors of 52990319?
43, 59, 20887
What are the prime factors of 78235716?
2, 3, 13, 501511
List the prime factors of 96317230.
2, 5, 9631723
List the prime factors of 131351852.
2, 157, 209159
List the prime factors of 94825994.
2, 829, 57193
What are the prime factors of 1355836877?
1355836877
List the prime factors of 7080413218.
2, 397, 8917397
What are the prime factors of 491207686?
2, 59, 67, 62131
List the prime factors of 190463970.
2, 3, 5, 6348799
What are the prime factors of 6040289?
6040289
List the prime factors of 431641185.
3, 5, 47, 61, 10037
List the prime factors of 1806928172.
2, 7, 29, 227, 9803
List the prime factors of 828228998.
2, 139, 1277, 2333
What are the prime factors of 6085181106?
2, 3, 112688539
List the prime factors of 64461117.
3, 7, 73, 6007
List the prime factors of 1009537877.
17, 7499, 7919
What are the prime factors of 1282373880?
2, 3, 5, 10686449
List the prime factors of 264360637.
3607, 73291
What are the prime factors of 1632480172?
2, 408120043
List the prime factors of 107806124.
2, 1019, 26449
List the prime factors of 1663701953.
4133, 402541
List the prime factors of 2728812397.
317, 8608241
List the prime factors of 1470533191.
1470533191
List the prime factors of 275107673.
275107673
List the prime factors of 3248440188.
2, 3, 7, 149, 461, 563
What are the prime factors of 24273650?
2, 5, 257, 1889
What are the prime factors of 7144405991?
6581, 1085611
List the prime factors of 106389634.
2, 13, 4091909
What are the prime factors of 2267373558?
2, 3, 377895593
What are the prime factors of 69849908?
2, 1609, 10853
What are the prime factors of 65466459?
3, 59, 123289
What are the prime factors of 3411504050?
2, 5, 68230081
What are the prime factors of 502516007?
7, 71788001
What are the prime factors of 29105146?
2, 7, 2078939
What are the prime factors of 1141614778?
2, 1399, 408011
List the prime factors of 88747508.
2, 22186877
What are the prime factors of 85509936?
2, 3, 191, 3109
List the prime factors of 24720180.
2, 3, 5, 29, 14207
List the prime factors of 29510965.
5, 11, 536563
List the prime factors of 2461722448.
2, 10739, 14327
List the prime factors of 652388126.
2, 13, 25091851
List the prime factors of 157873162.
2, 78936581
List the prime factors of 1918881395.
5, 3163, 121333
What are the prime factors of 27792209?
313, 88793
List the prime factors of 79571499.
3, 7, 3789119
What are the prime factors of 371664575?
5, 1069, 13907
What are the prime factors of 81496760?
2, 5, 2037419
List the prime factors of 138510905.
5, 13, 2130937
What are the prime factors of 809510210?
2, 5, 829, 97649
List the prime factors of 2491505880.
2, 3, 5, 317, 65497
What are the prime factors of 24106837?
547, 44071
What are the prime factors of 63263430?
2, 3, 5, 83, 941
List the prime factors of 4136101932.
2, 3, 344675161
List the prime factors of 172950823.
23, 2531, 2971
List the prime factors of 1099414938.
2, 3, 31, 419, 14107
List the prime factors of 305568572.
2, 41, 1863223
What are the prime factors of 3817678940?
2, 5, 1867, 102241
What are the prime factors of 152170271?
11, 193, 229, 313
What are the prime factors of 374903844?
2, 3, 7, 4463141
What are the prime factors of 9224845?
5, 7, 263567
List the prime factors of 1535556554.
2, 7, 19, 29, 137, 1453
List the prime factors of 12187625.
5, 97501
What are the prime factors of 2947350397?
2947350397
List the prime factors of 3464754069.
3, 7, 89, 1853801
List the prime factors of 174482999.
174482999
List the prime factors of 1170060085.
5, 977, 239521
What are the prime factors of 47360440?
2, 5, 1184011
What are the prime factors of 159684245?
5, 7, 89, 51263
What are the prime factors of 647891167?
7, 11, 8414171
List the prime factors of 48603316.
2, 12150829
What are the prime factors of 577879005?
3, 5, 11, 3502297
List the prime factors of 3152922165.
3, 5, 7784993
List the prime factors of 162541040.
2, 5, 47, 139, 311
List the prime factors of 43703969.
2089, 20921
What are the prime factors of 199099949?
31, 6422579
What are the prime factors of 885222117?
3, 13, 1801, 4201
What are the prime factors of 94659563?
94659563
What are the prime factors of 669534191?
83, 8066677
List the prime factors of 3622079883.
3, 1207359961
List the prime factors of 639385529.
41, 15594769
What are the prime factors of 559032702?
2, 3, 139, 670303
List the prime factors of 33481114.
2, 2953, 5669
What are the prime factors of 23134234?
2, 11567117
What are the prime factors of 814446220?
2, 5, 7, 37, 157229
What are the prime factors of 252907573?
53, 4771841
List the prime factors of 763824623.
73, 10463351
List the prime factors of 147565522.
2, 13, 79, 71843
What are the prime factors of 82477102?
2, 29, 127, 11197
What are the prime factors of 343776604?
2, 71, 173, 6997
What are the prime factors of 925105494?
2, 3, 23, 73, 131, 701
List the prime factors of 2080825082.
2, 7, 79, 268771
What are the prime factors of 309971862?
2, 3, 47, 366397
List the prime factors of 24265570.
2, 5, 7, 346651
List the prime factors of 1267558897.
11, 1499, 76873
List the prime factors of 3500525262.
2, 3, 13, 44878529
List the prime factors of 1345339103.
1345339103
List the prime factors of 6903969453.
3, 37, 107, 193763
What are the prime factors of 1547999010?
2, 3, 5, 683, 25183
What are the prime factors of 2367774719?
61, 881, 44059
List the prime factors of 92342205.
3, 5, 2052049
What are the prime factors of 178068922?
2, 89034461
List the prime factors of 8014157.
17, 197, 2393
List the prime factors of 942921319.
149, 6328331
What are the prime factors of 747868?
2, 11, 23, 739
What are the prime factors of 532812618?
2, 3, 13, 23, 98999
List the prime factors of 401149605.
3, 5, 29, 229, 4027
List the prime factors of 5008911007.
263, 19045289
List the prime factors of 30065792.
2, 17, 41, 337
What are the prime factors of 1756178762?
2, 13, 67545337
What are the prime factors of 19186264?
2, 89, 26947
List the prime factors of 116467082.
2, 58233541
List the prime factors of 1749914159.
7, 17, 2957, 4973
What are the prime factors of 41393218?
2, 277, 74717
List the prime factors of 506138579.
506138579
What are the prime factors of 17814078?
2, 3, 989671
List the prime factors of 93340530.
2, 3, 5, 43, 89, 271
List the prime factors of 165189289.
17, 23, 422479
List the prime factors of 1024098175.
5, 31, 1321417
What are the prime factors of 44367753?
3, 173, 85487
What are the prime factors of 2196281056?
2, 31, 71, 31183
List the prime factors of 442660545.
3, 5, 1092989
List the prime factors of 93567957.
3, 7, 43, 103619
What are the prime factors of 39811695?
3, 5, 7, 11, 34469
What are the prime factors of 9325684?
2, 2331421
List the prime factors of 4463759.
283, 15773
What are the prime factors of 230862049?
11, 277, 75767
List the prime factors of 302511442.
2, 199, 760079
What are the prime factors of 47735110?
2, 5, 877, 5443
What are the prime factors of 56013295?
5, 13, 861743
What are the prime factors of 1055237361?
3, 59, 5961793
List the prime factors of 537126735.
3, 5, 35808449
What are the prime factors of 113647938?
2, 3, 18941323
What are the prime factors of 147615479?
11, 13419589
What are the prime factors of 613135480?
2, 5, 15328387
List the prime factors of 80004873.
3, 13, 17, 120671
List the prime factors of 501